*x. Let o be l(-1). Suppose -2080 - 47 = -o*t. Is t a prime number?
True
Is 21/(-84)*13520716/(-11) a prime number?
True
Suppose 121*u = 125*u + 3*d - 430949, u = 5*d + 107766. Is u a prime number?
True
Let n(j) = j**3 + 18*j**2 + 2*j + 28. Let b be n(-18). Let q be 5 - (b/(-28) - 5/(-7)). Suppose 0 = q*s - 1363 - 3201. Is s composite?
True
Let i = -323481 + 2312698. Is i a composite number?
False
Suppose -3*y = 3 - 12. Suppose 2*l = x, y*l = 4*x - 4 - 1. Is 871 - l/1 - 1 prime?
False
Let s(a) = -11*a - 61. Let c be s(-7). Suppose -c*h = -14*h - 2542. Is h a composite number?
True
Suppose 9 = -4*i + 21. Suppose -i*l - 8 = 4*v, 2*l + 14 = 3*v + 3. Is (-2586)/(-10) - (v - 21/15) a prime number?
False
Suppose -9353 = -7*x + 13929. Suppose -i - 517 = -x. Is i a composite number?
True
Let n = -46 - -95. Suppose -2*u = -3*u - 3*m + n, -4*m + 16 = 0. Is u a composite number?
False
Suppose l + 3 = 4*n, 3*n - 2*l = n - 6. Suppose n*i = -7 + 11. Is i*1 + (11 - -10) prime?
True
Let f(i) = 10904*i**2 - 31*i - 82. Is f(-7) a prime number?
True
Suppose -5*j + 140845 = 2*w, -40*j + 211295 = 3*w - 38*j. Is w prime?
False
Suppose -5*i = -545 - 355. Let d = i - -314. Suppose -d = -2*n - 2*m, -4*n - 3*m + 1243 = n. Is n composite?
False
Suppose 0 = -5*w + 4*t - 25 + 70, 2*w = -2*t. Suppose -w*a - 22395 = -4350. Is -2 - (-4 + 1) - (a + 3) prime?
True
Let w(y) = 2*y**3 + 38*y**2 - 3*y - 55. Let f be w(-19). Is f/7 + (-3)/((-252)/34332) prime?
True
Let a = -157711 - -240252. Is a a prime number?
False
Suppose -140*l - 923139 = -149*l. Is l prime?
False
Let b = -28722 + 68571. Suppose 0 = -3*r + 4*a + 27921, -3*a + b = 4*r + 2596. Is r composite?
False
Suppose 21*i = 19*i. Suppose 15*s - 11*s - 8 = 0, 5*f - s - 29913 = i. Is f a composite number?
True
Is -2 + 0 + -19 + 17 + 43430 prime?
False
Let k be (-2)/3*(90 - 0). Suppose -n - 3*y + 379 = 0, 5*n + y - 2*y - 1959 = 0. Let i = n + k. Is i a composite number?
False
Is 35/(70/46992) + 10/2 prime?
False
Let u(p) = 48*p**2 - 79*p + 8. Let w(x) = -4*x**2 + 15*x - 16. Let l be w(1). Is u(l) composite?
True
Let u(b) = -16*b**3 - 69*b**2 - 41*b + 47. Is u(-27) a composite number?
False
Let w be (11/33)/(2/(-6)) - -3. Suppose -4*f = -20*d + 17*d - 13234, 13232 = 4*f - w*d. Is f a prime number?
True
Let v = 153 + -182. Let g(q) = 7*q**2 + 5*q - 5. Is g(v) composite?
False
Suppose -1 = -6*y + 23. Let t be 0/(-1 - (y + -8)). Suppose 3*f - 9*f + 15414 = t. Is f a prime number?
False
Let u(k) = 528*k**2 + 53*k - 30. Is u(5) a prime number?
False
Let t(l) = 240496*l + 163. Is t(1) prime?
True
Suppose 2260036 + 1348205 = 21*w. Is w composite?
True
Let i(j) = -j**2 + 12*j - 31. Let t be i(7). Suppose 5*p = 3*p - 10, -t*p = -5*d + 150. Is d composite?
True
Let u be ((-70564)/(-78))/((-2)/(-6)). Suppose 0 = -6*o - 260 + u. Is o composite?
False
Is (-25)/(-10) + (14 - 5) + 391438/4 a composite number?
False
Let h(u) = 12*u + 90. Let m be h(-8). Is (-25)/((-50)/20848) - m/2 prime?
True
Suppose -3*j - 186 = -5*k + j, 0 = j + 4. Suppose -k*m + 40*m - 6522 = 0. Is m a composite number?
False
Let q(a) be the second derivative of -3*a**5/20 + 2*a**4/3 + 3*a**3/2 + 3*a**2/2 - 15*a. Let t be q(-4). Let l = 414 - t. Is l composite?
False
Let f(k) = -k**2 + 19*k - 22. Let w be f(17). Suppose -d + w + 14 = -3*x, -5*x + 4*d - 55 = 0. Let y(c) = 7*c**2 + 2*c - 12. Is y(x) a composite number?
False
Suppose -12*y = 20*y - 128. Suppose -y*k = 20, 4*l - 2*k = -56 + 830. Is l composite?
False
Suppose -4*l - 3*r + 719534 = -172242, 5*l - 4*r - 1114689 = 0. Is l prime?
True
Suppose -3*w - 12*b + 3 = -15*b, -2*b = 0. Let f(c) = c - 3*c**2 + 82*c**3 + 1 - 21*c**3 + 2*c. Is f(w) prime?
False
Let n(q) = -5*q - 86. Let b be n(-16). Let s be ((-24)/(-5))/(14/(-70)). Is (-9370)/(-8) - b/s composite?
False
Suppose 13*v + 3*t - 8823565 = -1240806, -1166598 = -2*v + 2*t. Is v composite?
False
Suppose 0 = 4*p + g + 18, p - 4*g - 17 = 6*p. Is (4298/p)/((-18)/45) prime?
False
Suppose 2*u = 14886 - 2790. Let j = u - 4099. Suppose -5*q + j = -0*l + 4*l, 0 = -l + 5*q + 506. Is l a prime number?
True
Let q = 594 - 550. Suppose -q*r + 48267 = -35*r. Is r prime?
False
Let j(h) = -h**3 + h - 1. Let u(z) = -199*z**3 - 2*z**2 - z + 3. Let l(s) = -4*j(s) - u(s). Let p be l(1). Suppose -3*t = -166 - p. Is t a composite number?
True
Let l = 13 - 8. Let h = l - 0. Suppose -254 = -h*u + 4*u. Is u a prime number?
False
Let f(j) = 28685*j - 187. Is f(4) a prime number?
True
Let f(p) = p**3 - 9*p**2 + 34*p - 1. Suppose 3*g = -3*w + 26 + 1, 4*g - 49 = -5*w. Is f(w) a composite number?
False
Let x(g) = 40*g**3 - 15*g**2 - 10. Let u be x(6). Suppose u = 11*h - 567. Is h prime?
True
Let f(t) = t**3 - 48*t**2 + 108*t - 73. Let k be f(47). Let o = k + 4489. Is o a prime number?
True
Let i(k) = 1485*k - 151. Let j = 390 + -380. Is i(j) prime?
True
Let d = -42 - -42. Suppose d = -6*b + 10*b - 12. Let s(p) = 225*p - 2. Is s(b) composite?
False
Let x(l) = -18*l**3 + 11*l**2 - 13*l - 20. Let a be x(7). Let d = a + 10904. Is d a composite number?
True
Let a(n) = 56*n**3 - 4*n**2 - 8*n + 47. Is a(7) a prime number?
False
Suppose 100 = -2*k + 100. Suppose k = 36*y - 58*y + 168586. Is y a composite number?
True
Suppose -260 = 18*s - 31*s. Suppose -s*y = -2*y - 116442. Is y composite?
False
Let h = -471673 + 684642. Is h a composite number?
False
Let b = 591 - 593. Let i(g) = 1101*g**2 - 4*g - 6. Is i(b) composite?
True
Let f be (-572)/(-10) - 49/245. Is ((-19)/f)/(-1 - (-12146)/12147) composite?
False
Suppose 16*j - 3819 - 581 = 0. Suppose 271*u = j*u - 3692. Is u a composite number?
True
Let z = 776 + 1092. Let i = 3209 - z. Suppose 0*a - 9*a + i = 0. Is a composite?
False
Let j be 45609/4 + (-60)/240. Suppose 5*a - 5*z = -6*z + j, 0 = -5*a + z + 11408. Is a a prime number?
True
Suppose 0 = h + 2*y - 14737, -44219 = -3*h - 0*y - 2*y. Is h a composite number?
False
Let t be (6 - 3) + 8 - 4. Suppose 5*i - 11514 = -3*z, -5*z - t*i + 2*i = -19180. Is z prime?
True
Let s(m) = 3969*m - 4343. Is s(90) a prime number?
True
Suppose 12*o - 198071 = 273685. Is o prime?
True
Let f(n) be the second derivative of n**5/20 + n**4/6 + 5*n**3/6 + 5*n**2/2 + 35*n. Let l be f(-2). Let m(c) = -16*c**3 + 7*c**2 - 4*c - 22. Is m(l) composite?
True
Is 5/2*32703784/3820 prime?
False
Is (39719 - -95) + 2*(-9)/6 a composite number?
True
Suppose -23 = t - 0*t. Suppose 0*x + 2*x - 5*z - 850 = 0, -z = 5*x - 2098. Let y = t + x. Is y a prime number?
True
Let j = 47901 - 20842. Is j composite?
False
Let l(f) = 330*f - 11. Let y(p) = -p**3 - 22*p**2 + 46*p - 35. Let w be y(-24). Is l(w) prime?
False
Let i = -196 + -108. Let p = 711 + i. Is p composite?
True
Is (-3)/(-16) - (-146934954)/288 a composite number?
True
Let c = -1646 - -963. Let z = 428 - c. Is z composite?
True
Let d = 489550 + -245463. Is d composite?
False
Let n = -10019 - -3948. Let z = n + 10340. Is z a composite number?
True
Let z(r) be the third derivative of 19*r**4/8 + 10*r**3/3 - 2*r**2. Let m be (36/(-72))/(1/(-26)). Is z(m) a prime number?
True
Let d(y) = -3*y**2 + 13*y + 14. Let u be d(5). Suppose 0*v = u*j + 2*v - 3230, v = -3. Is j a prime number?
True
Let c(r) = -r**3 + 8*r**2 + r + 18. Let o be c(9). Is (-430962)/o - 1*(-4)/18 composite?
True
Let c be (12/(-9))/((-1)/27). Let v = c - 34. Is (0 + (-223)/v)*-14 composite?
True
Let y(a) = 968*a**2 - 45*a + 81. Is y(-8) composite?
True
Let y(l) = 950*l**2 + 21*l - 57. Is y(4) a composite number?
False
Let t be (8 - 2)/(-8 + 10). Suppose t*y - 2*d - 13 = 0, -y - 3 = 5*d + 4. Suppose -p = -5*q + 2483, -y*q = -2*p + p - 1489. Is q a prime number?
False
Let g be 6 - -1 - 3 - (0 + -2). Is (211/(-2))/(6 + (-39)/g) prime?
True
Suppose 4*f - 19 - 29 = 0. Let l be (87/f)/(4/(-176)). Is (-6)/4*-2*l/(-3) a composite number?
True
Is 252 - 256 - -19*1203 prime?
True
Let w be ((-15)/(-10))/((-2)/(-4315 + -1)). Let u = 304 + w. Is u prime?
True
Let f be ((-1)/4)/(14/(-224)). Suppose 3*m - 3*y = 10869, -4*m + f*y + 14493 = -y. Let p = 6419 - m. Is p composite?
False
Let d(s) = -s**3 - 10*s**2 + 8*s + 34. Let f(x) = -x**2 - 9*x + 21. Suppose -o + 0 = -1, 0 = y - 2*o + 14. Let n be f(y). Is d(n) prime?
True
Let n = 325 - -385. Suppose -17*f + n = -633. Is f a composite number?
False
Suppose -5*a + 3*l + 1645114 = 0, 1